{"id":6142,"date":"2021-01-06T15:43:18","date_gmt":"2021-01-06T14:43:18","guid":{"rendered":"http:\/\/www.kspnazaret.pl\/?page_id=6142"},"modified":"2021-01-06T15:43:18","modified_gmt":"2021-01-06T14:43:18","slug":"1-7-postepowanie-wyjasniajace-w-sytuacji-podejrzenia-o-przemoc-wobec-maloletnich","status":"publish","type":"page","link":"https:\/\/kspnazaret.pl\/?page_id=6142","title":{"rendered":"1.7. Post\u0119powanie wyja\u015bniaj\u0105ce w sytuacji podejrzenia o przemoc wobec ma\u0142oletnich"},"content":{"rendered":"\n<ol class=\"wp-block-list\" type=\"1\"><li>W przypadku powzi\u0119cia wiarygodnej wiadomo\u015bci o tym, \u017ce ma\u0142oletni jest krzywdzony, nauczyciele, wychowawcy, wolontariusze, sta\u017cy\u015bci oraz wszystkie osoby zwi\u0105zane z plac\u00f3wkami Zgromadzenia na podstawie r\u00f3\u017cnorodnych podstaw prawnych i faktycznych s\u0105 prawnie zobowi\u0105zani do podj\u0119cia czynno\u015bci zmierzaj\u0105cych do powstrzymania krzywdy i zapewnienia ma\u0142oletniemu bezpiecze\u0144stwa, poprzez zastosowanie procedury opartej na zasadach rozporz\u0105dzenia tzw. \u201eNiebieskie Karty\u201d, opisanych w 1.2.2.1 Kodeksu bezpiecze\u0144stwa, a tak\u017ce poprzez zastosowanie wskaza\u0144 i norm opisanych poni\u017cej.<\/li><li>Zgodnie z prawem polskim, ka\u017cdy kto uzyska\u0142 wiarygodn\u0105 wiadomo\u015b\u0107 o pope\u0142nieniu wobec ma\u0142oletniego przest\u0119pstwa opisanego w art. 156 kk, art. 197\u00a7 3 lub 4 kk, art. 198 kk i 200 kk, jest zobowi\u0105zany niezw\u0142ocznie zawiadomi\u0107 o tym organ powo\u0142any do \u015bcigania przest\u0119pstw.<\/li><li>Wiadomo\u015b\u0107 o doznanej przez ma\u0142oletniego krzywdzie mo\u017ce pochodzi\u0107 z r\u00f3\u017cnych \u017ar\u00f3de\u0142: nigdy nie wolno jej lekcewa\u017cy\u0107 ani banalizowa\u0107.<\/li><li>Praktyka i nauka wskazuj\u0105 na liczne objawy zachowania ma\u0142oletniego, kt\u00f3re mog\u0105 wskazywa\u0107 na to, i\u017c zosta\u0142 skrzywdzony. Jako najwa\u017cniejsze z nich mo\u017cna wskaza\u0107:<ol><li>erotyzacja: prowokacyjne i uwodzicielskie zachowania seksualne ma\u0142oletniego w stosunku do os\u00f3b z otoczenia; erotyczna tw\u00f3rczo\u015b\u0107 ma\u0142oletniego \u2014 gdy w rysunkach np. zaczynaj\u0105 dominowa\u0107 elementy seksualne; agresja seksualna wobec innych ma\u0142oletnich; anga\u017cowanie r\u00f3wie\u015bnik\u00f3w i m\u0142odszych dzieci w nietypow\u0105 aktywno\u015b\u0107 seksualn\u0105 \u2014 je\u017celi dziecko w wieku przedszkolnym w zabawach odtwarza stosunek seksualny lub tzw. inne czynno\u015bci seksualne, to jest to niepokoj\u0105cy sygna\u0142 mog\u0105cy \u015bwiadczy\u0107 o tym, \u017ce by\u0142o ono uwik\u0142ane w aktywno\u015b\u0107 seksualn\u0105 przez osoby doros\u0142e; nieadekwatny do poziomu rozwoju ma\u0142oletniego j\u0119zyk dotycz\u0105cy sfery seksualnej; podejmowanie wczesnej aktywno\u015bci seksualnej;<\/li><li>problemy emocjonalne: silne poczucie winy u ma\u0142oletniego, wynikaj\u0105ce z tego, i\u017c czuje si\u0119 ono odpowiedzialne za zachowanie seksualne podejmowane wobec niego; poczucie bycia z\u0142ym, innym, gorszym \u2014 ma\u0142oletni ma wra\u017cenie, \u017ce to, co je spotka\u0142o, wynika z tego, i\u017c jest ono z\u0142e, niegodziwe; poczucie nadmiernego wstydu zwi\u0105zanego z przekroczeniem granic intymnych; dawanie do zrozumienia, \u017ce ma si\u0119 jak\u0105\u015b straszn\u0105 tajemnic\u0119 \u2014 doros\u0142y podejmuj\u0105cy kontakt seksualny z ma\u0142oletnim cz\u0119sto m\u00f3wi mu, \u017ce nie mo\u017ce o tym nikomu powiedzie\u0107; poczucie stygmatyzacji \u2014 ma\u0142oletniemu wydaje si\u0119, \u017ce jest inne ni\u017c r\u00f3wie\u015bnicy z powodu doznanego urazu; negatywny stosunek do w\u0142asnego cia\u0142a, poczucie zbrukania i wstr\u0119tu;<\/li><li>zachowania autodestrukcyjne: samookaleczenia; pr\u00f3by samob\u00f3jcze; zaburzenia przyjmowania pokarm\u00f3w (bulimia, anoreksja); uzale\u017cnienia (np. nadu\u017cywanie alkoholu, narkotyk\u00f3w); prostytucja dzieci\u0119ca;<\/li><li>dolegliwo\u015bci psychosomatyczne: b\u00f3le brzucha; nudno\u015bci, wymioty; zaburzenia miesi\u0105czkowania;<\/li><li>objawy nerwicowe: wt\u00f3rne moczenie nocne; zanieczyszczanie si\u0119 ka\u0142em; zaburzenia snu, koszmary senne;<\/li><li>problemy szkolne: zaburzenia koncentracji uwagi; nag\u0142e obni\u017cenie wynik\u00f3w w nauce; unikanie zaj\u0119\u0107 wychowania fizycznego; problemy w relacjach r\u00f3wie\u015bniczych.<\/li><\/ol><\/li><li>Je\u017celi pokrzywdzony chce opowiedzie\u0107 o swoich prze\u017cyciach, nale\u017cy wys\u0142ucha\u0107 go spokojnie i traktowa\u0107 powa\u017cnie. Zadawanie pyta\u0144 jest dopuszczalne tylko w celu u\u015bci\u015blenia. Nie wolno zadawa\u0107 pyta\u0144 naprowadzaj\u0105cych i wtr\u0105caj\u0105cych. Nie wolno sugerowa\u0107 w\u0142asnych s\u0142\u00f3w, u\u017cywa\u0107 nale\u017cy tylko termin\u00f3w, kt\u00f3rymi pos\u0142uguje si\u0119 zg\u0142aszaj\u0105cy.<\/li><li>Nie nale\u017cy okazywa\u0107 emocjonalnej reakcji na s\u0142owa zg\u0142aszaj\u0105cego.<\/li><li>Nale\u017cy zapewni\u0107 pokrzywdzonego, \u017ce wyjawiaj\u0105c nadu\u017cycie post\u0105pi\u0142 w\u0142a\u015bciwie.<\/li><li>Gdy zg\u0142aszaj\u0105cym jest pokrzywdzony, nale\u017cy poinformowa\u0107 go, \u017ce zostanie uczynione wszystko co mo\u017cliwe, aby mu pom\u00f3c.<\/li><li>Pokrzywdzonego nale\u017cy zapewni\u0107, i\u017c on nie ponosi winy za zaistnia\u0142\u0105 sytuacj\u0119.<\/li><li>Nale\u017cy zaproponowa\u0107 pokrzywdzonemu towarzyszenie w drodze do osoby, u kt\u00f3rej uzyska on dalsz\u0105 pomoc.<\/li><li>W czasie rozmowy ze zg\u0142aszaj\u0105cym nie nale\u017cy wyra\u017ca\u0107 przypuszcze\u0144, sugestii, stawia\u0107 hipotez, nie parafrazowa\u0107 tego, co powiedzia\u0142a dana osoba, ani nie przedstawia\u0107 alternatywnych wyja\u015bnie\u0144.<\/li><li>Nie wolno wyra\u017ca\u0107 opinii (ani negatywnych, ani pozytywnych) i komentarzy na temat domniemanego sprawcy.<\/li><li>Nie wolno sk\u0142ada\u0107 zg\u0142aszaj\u0105cemu \u017cadnych obietnic, kt\u00f3re nie b\u0119d\u0105 mog\u0142y zosta\u0107 dotrzymane, szczeg\u00f3lnie w kwestii poufno\u015bci.<\/li><li>Nie wolno ujawnia\u0107 szczeg\u00f3\u0142\u00f3w rozmowy osobom postronnym, a w szczeg\u00f3lno\u015bci osobie, kt\u00f3ra zosta\u0142a oskar\u017cona.<\/li><li>Nale\u017cy wyja\u015bni\u0107 pokrzywdzonemu, \u017ce tymi informacjami b\u0119dzie musia\u0142(a) podzieli\u0107 si\u0119 z innymi. Pod koniec rozmowy nale\u017cy poinformowa\u0107 go, o dalszych krokach oraz komu zostan\u0105 przekazane uzyskane informacje.<\/li><li>Osoba, kt\u00f3ra jako pierwsza dowiaduje si\u0119 o zaistnieniu potencjalnego przypadku krzywdzenia ma\u0142oletniego, nie jest upowa\u017cniona do wydawania decyzji, czy fakt nadu\u017cycia rzeczywi\u015bcie mia\u0142 miejsce. Jest to zadanie dla odpowiedzialnych organ\u00f3w i instytucji, do kt\u00f3rych sprawa zostanie skierowana na dalszych etapach.<\/li><li>Fakt zg\u0142oszenia musi zosta\u0107 udokumentowany sporz\u0105dzeniem notatki, w kt\u00f3rej zostanie okre\u015blone imi\u0119 i nazwisko zg\u0142aszaj\u0105cego, jego adres pobytu lub zameldowania, wiek, data czynu lub okres w jakim do niego dosz\u0142o, imi\u0119 i nazwisko domniemanego sprawcy, zwi\u0119z\u0142y opis doznanej krzywdy. Taka notatka musi zosta\u0107 podpisana przez sporz\u0105dzaj\u0105cego oraz w miar\u0119 mo\u017cliwo\u015bci przez zg\u0142aszaj\u0105cego<\/li><li>Nale\u017cy niezw\u0142ocznie o zaistnia\u0142ej sytuacji poinformowa\u0107 bezpo\u015bredniego prze\u0142o\u017conego.<\/li><li>Je\u017celi istnieje podejrzenie, i\u017c osob\u0105 odpowiedzialn\u0105 za przemoc lub nadu\u017cycie wobec ma\u0142oletniego jest nauczyciel, wychowawca, wolontariusz, sta\u017cysta lub inna\u00a0 osoba zwi\u0105zana z plac\u00f3wk\u0105 Zgromadzenia, na podstawie r\u00f3\u017cnorodnych podstaw prawnych i faktycznych, nale\u017cy na czas przeprowadzenia post\u0119powania wyja\u015bniaj\u0105cego odsun\u0105\u0107 tak\u0105 osob\u0119 od pe\u0142nienia obowi\u0105zk\u00f3w wymagaj\u0105cych bezpo\u015brednich kontakt\u00f3w z ma\u0142oletnimi, nie nara\u017caj\u0105c jej na utrat\u0119 reputacji.<\/li><li>Wszelkie post\u0119powania o charakterze wewn\u0119trznym pozostaj\u0105 zawieszone do czasu uprawomocnienia si\u0119 post\u0119powa\u0144 prowadzonych przez powo\u0142ane do tego organy pa\u0144stwowe.<\/li><li>Prowadzone post\u0119powanie wewn\u0119trzne kieruje si\u0119 zasad\u0105 domniemania niewinno\u015bci oraz respektuje prawo do obrony. Powy\u017csze zasady mog\u0105 zosta\u0107 ograniczone tylko i wy\u0142\u0105cznie w oparciu o prawomocne orzeczenie s\u0105du powszechnego lub innego organu, powo\u0142anego na podstawie przepis\u00f3w pa\u0144stwowych do orzekania w sprawach dotycz\u0105cych nauczycieli, wychowawc\u00f3w oraz innych os\u00f3b zatrudnionych w plac\u00f3wkach Zgromadzenia.<\/li><li>Rozstrzygni\u0119cia, kt\u00f3re zapadn\u0105 w wyniku przeprowadzonego post\u0119powania wewn\u0119trznego powinny uwzgl\u0119dnia\u0107 rozstrzygni\u0119cia organ\u00f3w pa\u0144stwowych, a tak\u017ce musz\u0105 respektowa\u0107 tre\u015b\u0107 prawomocnych orzecze\u0144 s\u0105d\u00f3w powszechnych oraz innych organ\u00f3w pa\u0144stwa orzekaj\u0105cych w danej sprawie.<\/li><li>Je\u015bli oskar\u017cenia o przemoc lub nadu\u017cycie wobec pokrzywdzonego oka\u017c\u0105 si\u0119 bezpodstawne, osoba oczyszczona z zarzut\u00f3w zostanie niezw\u0142ocznie przywr\u00f3cona do pe\u0142nienia swoich dotychczasowych obowi\u0105zk\u00f3w. W takim przypadku przedsi\u0119wzi\u0119te zostan\u0105 jednocze\u015bnie wszelkie \u015brodki, aby bezpodstawne oskar\u017cenie nie odbi\u0142o si\u0119 negatywnie na sytuacji takiej osoby, pod adresem kt\u00f3rej skierowane zosta\u0142y bezpodstawne zarzuty.<\/li><\/ol>\n","protected":false},"excerpt":{"rendered":"<p>W przypadku powzi\u0119cia wiarygodnej wiadomo\u015bci o tym, \u017ce ma\u0142oletni jest krzywdzony, nauczyciele, wychowawcy, wolontariusze, sta\u017cy\u015bci oraz wszystkie osoby zwi\u0105zane z plac\u00f3wkami Zgromadzenia na podstawie r\u00f3\u017cnorodnych podstaw prawnych i faktycznych s\u0105 prawnie zobowi\u0105zani do podj\u0119cia czynno\u015bci zmierzaj\u0105cych do powstrzymania krzywdy i zapewnienia ma\u0142oletniemu bezpiecze\u0144stwa, poprzez zastosowanie procedury opartej na zasadach rozporz\u0105dzenia tzw. \u201eNiebieskie Karty\u201d, opisanych w [&hellip;]<\/p>\n","protected":false},"author":4,"featured_media":0,"parent":0,"menu_order":0,"comment_status":"closed","ping_status":"closed","template":"","meta":{"footnotes":""},"class_list":["post-6142","page","type-page","status-publish","hentry"],"_links":{"self":[{"href":"https:\/\/kspnazaret.pl\/index.php?rest_route=\/wp\/v2\/pages\/6142","targetHints":{"allow":["GET"]}}],"collection":[{"href":"https:\/\/kspnazaret.pl\/index.php?rest_route=\/wp\/v2\/pages"}],"about":[{"href":"https:\/\/kspnazaret.pl\/index.php?rest_route=\/wp\/v2\/types\/page"}],"author":[{"embeddable":true,"href":"https:\/\/kspnazaret.pl\/index.php?rest_route=\/wp\/v2\/users\/4"}],"replies":[{"embeddable":true,"href":"https:\/\/kspnazaret.pl\/index.php?rest_route=%2Fwp%2Fv2%2Fcomments&post=6142"}],"version-history":[{"count":1,"href":"https:\/\/kspnazaret.pl\/index.php?rest_route=\/wp\/v2\/pages\/6142\/revisions"}],"predecessor-version":[{"id":6143,"href":"https:\/\/kspnazaret.pl\/index.php?rest_route=\/wp\/v2\/pages\/6142\/revisions\/6143"}],"wp:attachment":[{"href":"https:\/\/kspnazaret.pl\/index.php?rest_route=%2Fwp%2Fv2%2Fmedia&parent=6142"}],"curies":[{"name":"wp","href":"https:\/\/api.w.org\/{rel}","templated":true}]}}