{"id":6140,"date":"2021-01-06T15:38:09","date_gmt":"2021-01-06T14:38:09","guid":{"rendered":"http:\/\/www.kspnazaret.pl\/?page_id=6140"},"modified":"2021-01-06T15:38:10","modified_gmt":"2021-01-06T14:38:10","slug":"1-6-zakres-odpowiedzialnosci-opiekunow-w-zakresie-zapewnienia-bezpieczenstwa-maloletnim","status":"publish","type":"page","link":"https:\/\/kspnazaret.pl\/?page_id=6140","title":{"rendered":"1.6. Zakres odpowiedzialno\u015bci opiekun\u00f3w w zakresie zapewnienia bezpiecze\u0144stwa ma\u0142oletnim"},"content":{"rendered":"\n<p><strong>Podstawa prawna<\/strong><\/p>\n\n\n\n<ol class=\"wp-block-list\" type=\"1\"><li><em>Ustawa z dnia 26 stycznia 1982 roku, Karta Nauczyciela (Dz. U. z 2014 r. poz. 191, 1198, z 2015 r. poz. 357, 1268, 1468)<\/em><\/li><li><em>Ustawa z dnia 7 wrze\u015bnia 1991 roku, o systemie o\u015bwiaty (Dz. U. z 2004 r. Nr 256 poz. 2572)<\/em><\/li><li><em>Ustawa z dnia 25 lutego 1964 roku, Kodeks rodzinny i opieku\u0144czy (Dz. U. z 2017 roku, poz. 687)<\/em><\/li><li><em>Ustawa z dnia 29 lipca 2005 roku o przeciwdzia\u0142aniu przemocy w rodzinie (Dz. U. z 2005 roku, Nr 180 poz. 1493 ze zm.)<\/em><\/li><li><em>Ustawa z dnia 6 czerwca 1997 roku, Kodeks Karny (Dz. U. z 1997 roku, Nr 88 poz. 553 ze zm.)<\/em><\/li><li><em>Rozporz\u0105dzenie MENiS z dnia 8 listopada 2001 r. w sprawie warunk\u00f3w i sposobu organizowania przez publiczne przedszkola, szko\u0142y i plac\u00f3wki krajoznawstwa i turystyki (Dz. U. z 2001, Nr 135, poz. 1516); (Dz. U. z 2014 r., poz. 1150)<\/em><\/li><li><em>Rozporz\u0105dzenie MENiS z dnia 31 grudnia 2002 r. w sprawie bezpiecze\u0144stwa i higieny w publicznych i niepublicznych szko\u0142ach i plac\u00f3wkach (Dz.U. z 2003 r., Nr 6, poz. 69)<\/em><\/li><li><em>Rozporz\u0105dzenie Rady Ministr\u00f3w z dnia 6 maja 1997 r. w sprawie okre\u015blenia warunk\u00f3w bezpiecze\u0144stwa os\u00f3b przebywaj\u0105cych w g\u00f3rach, p\u0142ywaj\u0105cych, k\u0105pi\u0105cych si\u0119 i uprawiaj\u0105cych sporty wodne (Dz. U. z 1997 r., Nr 57, poz. 358)<\/em><\/li><li><em>Rozporz\u0105dzenie MEN z dnia 30 marca 2016 roku w sprawie wypoczynku dzieci i m\u0142odzie\u017cy (Dz. U. z 2016 roku, poz. 452)<\/em><\/li><li><em>Ustawa z dnia 20 czerwca 1997 roku, Prawo o ruchu drogowym (Dz. U. z 2005 r., Nr 108 poz. 908 ze zm.)<\/em><\/li><li><em>Ustawa z dnia 26 czerwca 1974 roku, Kodeks pracy (Dz. U. z 2014 r., poz. 1502, 1062, z 2015 r., poz. 1066, 1220, 1224, 1240, 1268, 1735, z 2016 r., poz. 868, 910, 960, 1053)<\/em><\/li><\/ol>\n\n\n\n<ol class=\"wp-block-list\" type=\"1\"><li>Opiek\u0119 nad wychowankami przebywaj\u0105cymi w plac\u00f3wkach i poza nimi podczas zaj\u0119\u0107 zorganizowanych sprawuj\u0105 nauczyciele i wychowawcy oraz inne osoby, kt\u00f3rym powierzono t\u0119 opiek\u0119 na podstawie innych stosunk\u00f3w prawnych, zgodnie z planem zaj\u0119\u0107, a poza terenem plac\u00f3wki \u2013 odpowiedzialni za te zaj\u0119cia.<\/li><li>\u00a0Do form opieki nad ma\u0142oletnimi zalicza si\u0119:<ol><li>sprawowanie opieki nad ma\u0142oletnimi przebywaj\u0105cymi w plac\u00f3wce Zgromadzenia podczas zaj\u0119\u0107, przez prowadz\u0105cego zaj\u0119cia,<\/li><li>sprawowanie opieki nad ma\u0142oletnimi podczas zaj\u0119\u0107 poza terenem szko\u0142y w trakcie wycieczek przez opiekun\u00f3w posiadaj\u0105cych upowa\u017cnienie dyrektora plac\u00f3wki Zgromadzenia,<\/li><li>pe\u0142nienie dy\u017cur\u00f3w nauczycielskich w plac\u00f3wkach szkolnych, zgodnie z regulaminem obowi\u0105zk\u00f3w nauczyciela dy\u017curnego, na podstawie grafik\u00f3w opracowanych przez dyrektora plac\u00f3wki Zgromadzenia,<\/li><li>otaczanie opiek\u0105 ma\u0142oletniego z zaburzeniami rozwoju, uszkodzeniami narz\u0105d\u00f3w ruchu, s\u0142uchu, mowy i wzroku &#8211; przez wychowawc\u0119 oraz innych nauczycieli, a tak\u017ce szkoln\u0105 opiek\u0119 medyczn\u0105 (piel\u0119gniarka), w \u015bcis\u0142ej wsp\u00f3\u0142pracy z rodzicami\/opiekunami prawnymi\/opiekunami faktycznymi ma\u0142oletniego,<\/li><li>otaczanie opiek\u0105 ma\u0142oletniego, u kt\u00f3rego stwierdzono trudne warunki rodzinne lub losowe,<\/li><li>wsp\u00f3\u0142dzia\u0142anie z rodzicami\/opiekunami prawnymi\/opiekunami faktycznymi w zakresie nauczania, wychowania i profilaktyki.<\/li><\/ol><\/li><li>Nieprzestrzeganie niniejszych szczeg\u00f3\u0142owych zasad w zakresie zapewnienia ma\u0142oletnim bezpiecze\u0144stwa traktowane b\u0119dzie jako ci\u0119\u017ckie naruszenie obowi\u0105zk\u00f3w pracowniczych ze wszystkimi wynikaj\u0105cymi z tego konsekwencjami, z rozwi\u0105zaniem stosunku pracy w\u0142\u0105cznie.<\/li><\/ol>\n","protected":false},"excerpt":{"rendered":"<p>Podstawa prawna Ustawa z dnia 26 stycznia 1982 roku, Karta Nauczyciela (Dz. U. z 2014 r. poz. 191, 1198, z 2015 r. poz. 357, 1268, 1468) Ustawa z dnia 7 wrze\u015bnia 1991 roku, o systemie o\u015bwiaty (Dz. U. z 2004 r. Nr 256 poz. 2572) Ustawa z dnia 25 lutego 1964 roku, Kodeks rodzinny i [&hellip;]<\/p>\n","protected":false},"author":4,"featured_media":0,"parent":0,"menu_order":0,"comment_status":"closed","ping_status":"closed","template":"","meta":{"footnotes":""},"class_list":["post-6140","page","type-page","status-publish","hentry"],"_links":{"self":[{"href":"https:\/\/kspnazaret.pl\/index.php?rest_route=\/wp\/v2\/pages\/6140","targetHints":{"allow":["GET"]}}],"collection":[{"href":"https:\/\/kspnazaret.pl\/index.php?rest_route=\/wp\/v2\/pages"}],"about":[{"href":"https:\/\/kspnazaret.pl\/index.php?rest_route=\/wp\/v2\/types\/page"}],"author":[{"embeddable":true,"href":"https:\/\/kspnazaret.pl\/index.php?rest_route=\/wp\/v2\/users\/4"}],"replies":[{"embeddable":true,"href":"https:\/\/kspnazaret.pl\/index.php?rest_route=%2Fwp%2Fv2%2Fcomments&post=6140"}],"version-history":[{"count":1,"href":"https:\/\/kspnazaret.pl\/index.php?rest_route=\/wp\/v2\/pages\/6140\/revisions"}],"predecessor-version":[{"id":6141,"href":"https:\/\/kspnazaret.pl\/index.php?rest_route=\/wp\/v2\/pages\/6140\/revisions\/6141"}],"wp:attachment":[{"href":"https:\/\/kspnazaret.pl\/index.php?rest_route=%2Fwp%2Fv2%2Fmedia&parent=6140"}],"curies":[{"name":"wp","href":"https:\/\/api.w.org\/{rel}","templated":true}]}}