{"id":6120,"date":"2021-01-06T14:58:06","date_gmt":"2021-01-06T13:58:06","guid":{"rendered":"http:\/\/www.kspnazaret.pl\/?page_id=6120"},"modified":"2021-01-06T14:58:07","modified_gmt":"2021-01-06T13:58:07","slug":"1-1-prawa-maloletnich","status":"publish","type":"page","link":"https:\/\/kspnazaret.pl\/?page_id=6120","title":{"rendered":"1.1. Prawa ma\u0142oletnich"},"content":{"rendered":"\n<ol class=\"wp-block-list\" type=\"1\"><li>W prowadzonych przez Zgromadzenie plac\u00f3wkach o\u015bwiatowych i wychowawczych przestrzegane s\u0105 prawa ma\u0142oletnich okre\u015blone w ustawodawstwie pa\u0144stwowym, prawie Ko\u015bcio\u0142a oraz normach prawnych naszego Zgromadzenia, a w szczeg\u00f3lno\u015bci prawo do:<\/li><li>prawnej i faktycznej ochrony \u017cycia, pocz\u0105wszy od pocz\u0119cia a\u017c do naturalnej \u015bmierci;<ol><li>wolno\u015bci my\u015bli, sumienia i wyznania;<\/li><li>zaspokojenia potrzeb koniecznych do godnej egzystencji fizycznej;<\/li><li>utrzymywania relacji spo\u0142ecznych zw\u0142aszcza niezak\u0142\u00f3conego funkcjonowania w grupie r\u00f3wie\u015bniczej;<\/li><li>otrzymywania wsparcia w rozwoju i budowania w\u0142asnej to\u017csamo\u015bci;<\/li><li>uznania i szacunku ze strony innych oraz do\u015bwiadczania mi\u0142o\u015bci;<\/li><li>wypoczynku i czasu wolnego oraz do korzystania z d\u00f3br kultury.<\/li><\/ol><\/li><li>Powy\u017csze prawa s\u0105 niezbywalne, a ich ograniczenia mog\u0105 wynika\u0107 tylko z norm prawnych lub orzecze\u0144 s\u0105d\u00f3w powszechnych, wynikaj\u0105cych z potrzeby ochrony \u017cycia, zdrowia oraz moralno\u015bci spo\u0142ecznej.<\/li><li>Pe\u0142na ochrona prawna przed ka\u017cd\u0105 form\u0105 przemocy i wykorzystania przys\u0142uguje r\u00f3wnie\u017c wszystkim, kt\u00f3rzy w jakikolwiek spos\u00f3b s\u0105 zwi\u0105zani z plac\u00f3wkami Zgromadzenia, jako wychowawcy, pracownicy, wolontariusze, praktykanci, sta\u017cy\u015bci, jednak\u017ce, aby jej zapewnienie by\u0142o skuteczne, nale\u017cy bezwzgl\u0119dnie realizowa\u0107 obowi\u0105zek zg\u0142aszania wszelkich zachowa\u0144 zagra\u017caj\u0105cych \u017cyciu, zdrowiu nietykalno\u015bci fizycznej i godno\u015bci cz\u0142owieka dyrektorowi plac\u00f3wki, a je\u017celi sprawa dotyczy dyrektora plac\u00f3wki wy\u017cszej prze\u0142o\u017conej.<\/li><\/ol>\n","protected":false},"excerpt":{"rendered":"<p>W prowadzonych przez Zgromadzenie plac\u00f3wkach o\u015bwiatowych i wychowawczych przestrzegane s\u0105 prawa ma\u0142oletnich okre\u015blone w ustawodawstwie pa\u0144stwowym, prawie Ko\u015bcio\u0142a oraz normach prawnych naszego Zgromadzenia, a w szczeg\u00f3lno\u015bci prawo do: prawnej i faktycznej ochrony \u017cycia, pocz\u0105wszy od pocz\u0119cia a\u017c do naturalnej \u015bmierci; wolno\u015bci my\u015bli, sumienia i wyznania; zaspokojenia potrzeb koniecznych do godnej egzystencji fizycznej; utrzymywania relacji spo\u0142ecznych [&hellip;]<\/p>\n","protected":false},"author":4,"featured_media":0,"parent":0,"menu_order":0,"comment_status":"closed","ping_status":"closed","template":"","meta":{"footnotes":""},"class_list":["post-6120","page","type-page","status-publish","hentry"],"_links":{"self":[{"href":"https:\/\/kspnazaret.pl\/index.php?rest_route=\/wp\/v2\/pages\/6120","targetHints":{"allow":["GET"]}}],"collection":[{"href":"https:\/\/kspnazaret.pl\/index.php?rest_route=\/wp\/v2\/pages"}],"about":[{"href":"https:\/\/kspnazaret.pl\/index.php?rest_route=\/wp\/v2\/types\/page"}],"author":[{"embeddable":true,"href":"https:\/\/kspnazaret.pl\/index.php?rest_route=\/wp\/v2\/users\/4"}],"replies":[{"embeddable":true,"href":"https:\/\/kspnazaret.pl\/index.php?rest_route=%2Fwp%2Fv2%2Fcomments&post=6120"}],"version-history":[{"count":1,"href":"https:\/\/kspnazaret.pl\/index.php?rest_route=\/wp\/v2\/pages\/6120\/revisions"}],"predecessor-version":[{"id":6121,"href":"https:\/\/kspnazaret.pl\/index.php?rest_route=\/wp\/v2\/pages\/6120\/revisions\/6121"}],"wp:attachment":[{"href":"https:\/\/kspnazaret.pl\/index.php?rest_route=%2Fwp%2Fv2%2Fmedia&parent=6120"}],"curies":[{"name":"wp","href":"https:\/\/api.w.org\/{rel}","templated":true}]}}