{"id":5379,"date":"2020-11-22T15:16:00","date_gmt":"2020-11-22T14:16:00","guid":{"rendered":"http:\/\/www.kspnazaret.pl\/?page_id=5379"},"modified":"2025-08-30T20:11:01","modified_gmt":"2025-08-30T18:11:01","slug":"dzwonki","status":"publish","type":"page","link":"https:\/\/kspnazaret.pl\/?page_id=5379","title":{"rendered":"Dzwonki"},"content":{"rendered":"<p>[vc_row][vc_column][vc_column_text]<\/p>\n<p><span style=\"font-size: 14pt;\"><img loading=\"lazy\" decoding=\"async\" class=\"alignnone wp-image-5825\" src=\"http:\/\/www.kspnazaret.pl\/wp-content\/uploads\/2020\/12\/images.jpg\" alt=\"\" width=\"410\" height=\"272\" \/><\/span><\/p>\n<p><span style=\"color: #008000;\"><strong><span style=\"font-size: 14pt;\"><em><span style=\"font-size: 18pt;\">B\u00f3g da\u0142 Ci dzisiaj kolejne 86 400 sekund. Czy powiedzia\u0142e\u015b kiedy\u015b \u201edzi\u0119kuj\u0119\u201d?<\/span><br \/><\/em><\/span><\/strong><\/span><\/p>\n<p><span style=\"color: #008000;\"><strong><span style=\"font-size: 14pt;\"><em><span style=\"font-size: 10pt;\">William Arthur Ward<\/span><\/em><span style=\"font-size: 10pt;\">\u00a0\u00a0<\/span><\/span><\/strong><\/span><\/p>\n<p><span style=\"color: #008000;\"><span style=\"color: #008000;\"><span style=\"font-size: 18.6667px;\"><b>B\u0105d\u017a<\/b><\/span><\/span><strong style=\"color: #008000;\"><span style=\"font-size: 14pt;\">\u00a0punktualny &#8211; szanuj czas sw\u00f3j i innych.<\/span><\/strong><strong style=\"font-size: 14pt;\">\u00a0 \u00a0<\/strong><\/span><\/p>\n<figure class=\"wp-block-table\"><strong>Lekcja 1\u00a0<\/strong> \u00a0 \u00a0 \u00a0 7:50 &#8211; 8:35<br \/><span style=\"color: #ff0000;\"><strong><em>Modlitwa\u00a0\u00a0\u00a0\u00a0 8:35 &#8211;\u00a0 8:50<\/em><br \/><\/strong><\/span><strong>Lekcja 2<\/strong>\u00a0 \u00a0 \u00a0 \u00a08:50 &#8211; 9:35<br \/><em>\u015aniadanie\u00a0<\/em>\u00a0\u00a0 <em>9:35 &#8211; 9:45<\/em><br \/><strong>Lekcja 3<\/strong>\u00a0 \u00a0 \u00a0 \u00a09:45 &#8211; 10:30<br \/><strong>Lekcja 4<\/strong>\u00a0 \u00a0 \u00a0 10:40 &#8211; 11:25<br \/><strong>Lekcja 5<\/strong>\u00a0 \u00a0 \u00a0 11:35 &#8211; 12:20<br \/><em>Przerwa obiadowa I<br \/><\/em><strong>Lekcja 6\u00a0<\/strong> \u00a0 \u00a0 12:40 &#8211; 13:25<br \/><em>Przerwa obiadowa II<\/em><br \/><strong>Lekcja 7\u00a0<\/strong> \u00a0 \u00a0 13:40 &#8211; 14:25<br \/><strong>Lekcja 8<\/strong>\u00a0 \u00a0 \u00a014:30 &#8211; 15:15<br \/><strong>Lekcja 9<\/strong>\u00a0 \u00a0 \u00a015:20 -16:05<br \/><strong>Lekcja 10<\/strong>\u00a0 \u00a016:10 &#8211; 16:55<\/figure>\n\n<p>&nbsp;<\/p>\n<p>[\/vc_column_text][\/vc_column][\/vc_row]<\/p>\n","protected":false},"excerpt":{"rendered":"<p>[vc_row][vc_column][vc_column_text] B\u00f3g da\u0142 Ci dzisiaj kolejne 86 400 sekund. Czy powiedzia\u0142e\u015b kiedy\u015b \u201edzi\u0119kuj\u0119\u201d? William Arthur Ward\u00a0\u00a0 B\u0105d\u017a\u00a0punktualny &#8211; szanuj czas sw\u00f3j i innych.\u00a0 \u00a0 Lekcja 1\u00a0 \u00a0 \u00a0 \u00a0 7:50 &#8211; 8:35Modlitwa\u00a0\u00a0\u00a0\u00a0 8:35 &#8211;\u00a0 8:50Lekcja 2\u00a0 \u00a0 \u00a0 \u00a08:50 &#8211; 9:35\u015aniadanie\u00a0\u00a0\u00a0 9:35 &#8211; 9:45Lekcja 3\u00a0 \u00a0 \u00a0 \u00a09:45 &#8211; 10:30Lekcja 4\u00a0 \u00a0 \u00a0 10:40 &#8211; [&hellip;]<\/p>\n","protected":false},"author":1,"featured_media":0,"parent":0,"menu_order":0,"comment_status":"closed","ping_status":"closed","template":"","meta":{"footnotes":""},"class_list":["post-5379","page","type-page","status-publish","hentry"],"_links":{"self":[{"href":"https:\/\/kspnazaret.pl\/index.php?rest_route=\/wp\/v2\/pages\/5379","targetHints":{"allow":["GET"]}}],"collection":[{"href":"https:\/\/kspnazaret.pl\/index.php?rest_route=\/wp\/v2\/pages"}],"about":[{"href":"https:\/\/kspnazaret.pl\/index.php?rest_route=\/wp\/v2\/types\/page"}],"author":[{"embeddable":true,"href":"https:\/\/kspnazaret.pl\/index.php?rest_route=\/wp\/v2\/users\/1"}],"replies":[{"embeddable":true,"href":"https:\/\/kspnazaret.pl\/index.php?rest_route=%2Fwp%2Fv2%2Fcomments&post=5379"}],"version-history":[{"count":11,"href":"https:\/\/kspnazaret.pl\/index.php?rest_route=\/wp\/v2\/pages\/5379\/revisions"}],"predecessor-version":[{"id":10318,"href":"https:\/\/kspnazaret.pl\/index.php?rest_route=\/wp\/v2\/pages\/5379\/revisions\/10318"}],"wp:attachment":[{"href":"https:\/\/kspnazaret.pl\/index.php?rest_route=%2Fwp%2Fv2%2Fmedia&parent=5379"}],"curies":[{"name":"wp","href":"https:\/\/api.w.org\/{rel}","templated":true}]}}