{"id":5194,"date":"2020-11-19T11:53:48","date_gmt":"2020-11-19T10:53:48","guid":{"rendered":"http:\/\/www.kspnazaret.pl\/?page_id=5194"},"modified":"2026-03-20T09:42:22","modified_gmt":"2026-03-20T08:42:22","slug":"stolowka","status":"publish","type":"page","link":"https:\/\/kspnazaret.pl\/?page_id=5194","title":{"rendered":"Sto\u0142\u00f3wka"},"content":{"rendered":"<p>[vc_row][vc_column][vc_column_text]<span style=\"color: #008000;\"><img loading=\"lazy\" decoding=\"async\" class=\" wp-image-6001 alignleft\" src=\"http:\/\/www.kspnazaret.pl\/wp-content\/uploads\/2021\/01\/pobrane.jpg\" alt=\"\" width=\"290\" height=\"217\" \/><\/span><\/p>\n<p><span style=\"color: #008000;\">Ca\u0142y dzie\u0144 w szkole?<\/span><\/p>\n<p><span style=\"color: #3366ff;\">Na g\u0142odnego? Niemo\u017cliwe.<\/span><\/p>\n<p>Ka\u017cdy wie, ma\u0142y i du\u017cy, \u017ce brak odpowiedniej porcji energii nie sprzyja my\u015bleniu \ud83d\ude0a<\/p>\n<p>Zatem w naszej szkole aby unikn\u0105\u0107 takich skutk\u00f3w, ka\u017cdy ucze\u0144 mo\u017cna zje\u015b\u0107\u00a0 smaczny i zdrowy posi\u0142ek.<\/p>\n<p>Obiady s\u0105 wydawane codziennie, od poniedzia\u0142ku do pi\u0105tku w godzinach 11.30 \u2013 13.45<br \/>\n(wg ustalonego harmonogramu).<\/p>\n<p>Op\u0142ata za jeden posi\u0142ek w roku szkolnym 2025\/2026 wynosi:<\/p>\n<ul>\n<li><strong>ca\u0142y obiad \u2013 18 z\u0142<\/strong><\/li>\n<li><strong>drugie danie + kompot \u2013 14 z\u0142<\/strong><\/li>\n<\/ul>\n<p>&nbsp;<\/p>\n<p><a href=\"https:\/\/kspnazaret.pl\/wp-content\/uploads\/2025\/08\/DEKLARACJA-OBIADY.docx\"><strong>DEKLARACJA ZAPISANIA DZIECKA NA OBIAD<\/strong><\/a><\/p>\n<p><span style=\"color: #ff0000;\">Informacje o nieobecno\u015bci dziecka na posi\u0142ku nale\u017cy zg\u0142asza\u0107 telefonicznie SMS-em\u00a0<strong>najp\u00f3\u017aniej do godziny 8.00<br \/>\ntel.<\/strong>\u00a0<strong>+48 534 979\u00a0557<\/strong><\/span><\/p>\n<p>Menu \u017cywieniowe dost\u0119pne jest na tablicy informacyjnej przy wej\u015bciu na sto\u0142\u00f3wk\u0119.<\/p>\n<p><em>Wp\u0142aty za obiady prosz\u0119 dokonywa\u0107 na konto:<\/em><br \/>\n<strong>Nr konta 51 1020 2629 0000 9802 0413 8707<\/strong><\/p>\n<table style=\"width: 100%; height: 52px;\" width=\"0\">\n<tbody>\n<tr>\n<td style=\"width: 214.4px;\"><\/td>\n<td style=\"width: 660px;\"><\/td>\n<\/tr>\n<\/tbody>\n<\/table>\n<p>[\/vc_column_text][\/vc_column][\/vc_row]<\/p>\n","protected":false},"excerpt":{"rendered":"<p>[vc_row][vc_column][vc_column_text] Ca\u0142y dzie\u0144 w szkole? Na g\u0142odnego? Niemo\u017cliwe. Ka\u017cdy wie, ma\u0142y i du\u017cy, \u017ce brak odpowiedniej porcji energii nie sprzyja my\u015bleniu \ud83d\ude0a Zatem w naszej szkole aby unikn\u0105\u0107 takich skutk\u00f3w, ka\u017cdy ucze\u0144 mo\u017cna zje\u015b\u0107\u00a0 smaczny i zdrowy posi\u0142ek. Obiady s\u0105 wydawane codziennie, od poniedzia\u0142ku do pi\u0105tku w godzinach 11.30 \u2013 13.45 (wg ustalonego harmonogramu). Op\u0142ata [&hellip;]<\/p>\n","protected":false},"author":1,"featured_media":0,"parent":0,"menu_order":0,"comment_status":"closed","ping_status":"closed","template":"","meta":{"footnotes":""},"class_list":["post-5194","page","type-page","status-publish","hentry"],"_links":{"self":[{"href":"https:\/\/kspnazaret.pl\/index.php?rest_route=\/wp\/v2\/pages\/5194","targetHints":{"allow":["GET"]}}],"collection":[{"href":"https:\/\/kspnazaret.pl\/index.php?rest_route=\/wp\/v2\/pages"}],"about":[{"href":"https:\/\/kspnazaret.pl\/index.php?rest_route=\/wp\/v2\/types\/page"}],"author":[{"embeddable":true,"href":"https:\/\/kspnazaret.pl\/index.php?rest_route=\/wp\/v2\/users\/1"}],"replies":[{"embeddable":true,"href":"https:\/\/kspnazaret.pl\/index.php?rest_route=%2Fwp%2Fv2%2Fcomments&post=5194"}],"version-history":[{"count":21,"href":"https:\/\/kspnazaret.pl\/index.php?rest_route=\/wp\/v2\/pages\/5194\/revisions"}],"predecessor-version":[{"id":10742,"href":"https:\/\/kspnazaret.pl\/index.php?rest_route=\/wp\/v2\/pages\/5194\/revisions\/10742"}],"wp:attachment":[{"href":"https:\/\/kspnazaret.pl\/index.php?rest_route=%2Fwp%2Fv2%2Fmedia&parent=5194"}],"curies":[{"name":"wp","href":"https:\/\/api.w.org\/{rel}","templated":true}]}}