{"id":5191,"date":"2020-11-19T11:52:56","date_gmt":"2020-11-19T10:52:56","guid":{"rendered":"http:\/\/www.kspnazaret.pl\/?page_id=5191"},"modified":"2023-09-19T11:28:43","modified_gmt":"2023-09-19T09:28:43","slug":"swietlica","status":"publish","type":"page","link":"https:\/\/kspnazaret.pl\/?page_id=5191","title":{"rendered":"\u015awietlica"},"content":{"rendered":"<p>[vc_row][vc_column][vc_column_text]<\/p>\n<p><img loading=\"lazy\" decoding=\"async\" class=\"wp-image-5854 aligncenter\" src=\"http:\/\/www.kspnazaret.pl\/wp-content\/uploads\/2020\/12\/DSC_9272-300x200.jpg\" alt=\"\" width=\"368\" height=\"245\" srcset=\"https:\/\/kspnazaret.pl\/wp-content\/uploads\/2020\/12\/DSC_9272-300x200.jpg 300w, https:\/\/kspnazaret.pl\/wp-content\/uploads\/2020\/12\/DSC_9272-1024x683.jpg 1024w, https:\/\/kspnazaret.pl\/wp-content\/uploads\/2020\/12\/DSC_9272-768x512.jpg 768w, https:\/\/kspnazaret.pl\/wp-content\/uploads\/2020\/12\/DSC_9272-1536x1024.jpg 1536w, https:\/\/kspnazaret.pl\/wp-content\/uploads\/2020\/12\/DSC_9272-2048x1365.jpg 2048w\" sizes=\"auto, (max-width: 368px) 100vw, 368px\" \/><\/p>\n<p>Po sko\u0144czonych lekcjach ka\u017cde dziecko, kt\u00f3re pozostaje w szkole mo\u017ce skorzysta\u0107 z naszej szkolnej \u015bwietlicy, gdzie pod opiek\u0105 nauczycieli ma czas na odrobienie zadania domowego czy te\u017c udzia\u0142 w r\u00f3\u017cnych rozwijaj\u0105cych zaj\u0119ciach.<\/p>\n\n\n<div class=\"wp-block-file\"><span style=\"color: #008000;\"><a style=\"color: #008000;\" href=\"http:\/\/www.kspnazaret.pl\/wp-content\/uploads\/2020\/12\/REGULAMIN-SWIETLICY-SZKOLNEJ.pdf\"><strong>REGULAMIN \u015aWIETLICY SZKOLNEJ<\/strong><\/a><\/span><\/div>\n<div>\u00a0<\/div>\n<div><strong>Dokumenty do pobr<\/strong><strong>ania:<\/strong><\/div>\n<div>\u00a0<\/div>\n<div><a href=\"https:\/\/kspnazaret.pl\/wp-content\/uploads\/2023\/09\/KARTA-ZGLOSZENIA-DZIECKA.docx\">Karta zg\u0142oszenia dziecka<\/a><\/div>\n<div><a href=\"http:\/\/www.kspnazaret.pl\/wp-content\/uploads\/2021\/01\/UPOWAZNIENIE-DO-ODBIORU-PRZEZ-OSOBE-inna-niz-wskazana-w-deklaracji.docx\" target=\"_blank\" rel=\"noopener noreferrer\">Upowa\u017cnienie do odbioru dziecka<\/a><\/div>\n<div><a href=\"http:\/\/www.kspnazaret.pl\/wp-content\/uploads\/2021\/01\/UPOWAZNIENIE-DO-ODBIORU-PRZEZ-OSOBE-NIEPELNOLETNIA.docx\" target=\"_blank\" rel=\"noopener noreferrer\">Upowa\u017cnienie do odbioru dziecka przez osob\u0119 niepe\u0142noletni\u0105<\/a><\/div>\n<div><a href=\"http:\/\/www.kspnazaret.pl\/wp-content\/uploads\/2021\/01\/ZGODA-NA-SAMODZIELNY-POWROT-DZIECKA.docx\" target=\"_blank\" rel=\"noopener noreferrer\">Zgoda na samodzielny powr\u00f3t dziecka do domu<\/a><\/div>\n<div>\u00a0<\/div>\n\n<p>&nbsp;<\/p>\n\n<p>&nbsp;<\/p>\n<p>[\/vc_column_text][\/vc_column][\/vc_row]<\/p>\n","protected":false},"excerpt":{"rendered":"<p>[vc_row][vc_column][vc_column_text] Po sko\u0144czonych lekcjach ka\u017cde dziecko, kt\u00f3re pozostaje w szkole mo\u017ce skorzysta\u0107 z naszej szkolnej \u015bwietlicy, gdzie pod opiek\u0105 nauczycieli ma czas na odrobienie zadania domowego czy te\u017c udzia\u0142 w r\u00f3\u017cnych rozwijaj\u0105cych zaj\u0119ciach. &nbsp; &nbsp; [\/vc_column_text][\/vc_column][\/vc_row]<\/p>\n","protected":false},"author":1,"featured_media":0,"parent":0,"menu_order":0,"comment_status":"closed","ping_status":"closed","template":"","meta":{"footnotes":""},"class_list":["post-5191","page","type-page","status-publish","hentry"],"_links":{"self":[{"href":"https:\/\/kspnazaret.pl\/index.php?rest_route=\/wp\/v2\/pages\/5191","targetHints":{"allow":["GET"]}}],"collection":[{"href":"https:\/\/kspnazaret.pl\/index.php?rest_route=\/wp\/v2\/pages"}],"about":[{"href":"https:\/\/kspnazaret.pl\/index.php?rest_route=\/wp\/v2\/types\/page"}],"author":[{"embeddable":true,"href":"https:\/\/kspnazaret.pl\/index.php?rest_route=\/wp\/v2\/users\/1"}],"replies":[{"embeddable":true,"href":"https:\/\/kspnazaret.pl\/index.php?rest_route=%2Fwp%2Fv2%2Fcomments&post=5191"}],"version-history":[{"count":16,"href":"https:\/\/kspnazaret.pl\/index.php?rest_route=\/wp\/v2\/pages\/5191\/revisions"}],"predecessor-version":[{"id":9255,"href":"https:\/\/kspnazaret.pl\/index.php?rest_route=\/wp\/v2\/pages\/5191\/revisions\/9255"}],"wp:attachment":[{"href":"https:\/\/kspnazaret.pl\/index.php?rest_route=%2Fwp%2Fv2%2Fmedia&parent=5191"}],"curies":[{"name":"wp","href":"https:\/\/api.w.org\/{rel}","templated":true}]}}