{"id":5152,"date":"2020-11-19T11:08:51","date_gmt":"2020-11-19T10:08:51","guid":{"rendered":"http:\/\/www.kspnazaret.pl\/?page_id=5152"},"modified":"2026-03-03T20:24:07","modified_gmt":"2026-03-03T19:24:07","slug":"rekrutacja","status":"publish","type":"page","link":"https:\/\/kspnazaret.pl\/?page_id=5152","title":{"rendered":"Rekrutacja"},"content":{"rendered":"<p>[vc_row][vc_column][vc_column_text]<\/p>\r\n<h4><span style=\"color: #ff0000;\"><strong>Rekrutacja na rok szkolny 2026\/27\u00a0<\/strong><\/span><\/h4>\r\n<h4><span style=\"font-family: 'comic sans ms', sans-serif;\"><strong><span style=\"color: #ff0000;\"><span style=\"font-size: 32px;\">Zako\u0144czona!<\/span><\/span><\/strong><\/span><\/h4>\r\n<h3><strong><span style=\"color: #333399; font-family: 'comic sans ms', sans-serif;\">DO KLASY 1<\/span><\/strong><\/h3>\r\n<p>\r\n\r\n<strong><span style=\"color: #008000;\"><a href=\"http:\/\/www.kspnazaret.pl\/?attachment_id=5962\" rel=\"attachment wp-att-5962\"><img loading=\"lazy\" decoding=\"async\" class=\"size-thumbnail wp-image-5962 alignleft\" src=\"http:\/\/www.kspnazaret.pl\/wp-content\/uploads\/2020\/12\/8189_dzieci__2__02-150x150.jpg\" alt=\"\" width=\"150\" height=\"150\" srcset=\"https:\/\/kspnazaret.pl\/wp-content\/uploads\/2020\/12\/8189_dzieci__2__02-150x150.jpg 150w, https:\/\/kspnazaret.pl\/wp-content\/uploads\/2020\/12\/8189_dzieci__2__02-75x75.jpg 75w\" sizes=\"auto, (max-width: 150px) 100vw, 150px\" \/><\/a><a style=\"color: #008000;\" href=\"http:\/\/www.kspnazaret.pl\/?page_id=5895\" target=\"_blank\" rel=\"noreferrer noopener\" data-type=\"URL\" data-id=\"http:\/\/www.kspnazaret.pl\/?page_id=5895\">Regulamin rekrutacji do klasy 1<\/a><\/span><\/strong><\/p>\r\n<p>\r\n\r\n<strong><span style=\"color: #ff0000;\"><a href=\"https:\/\/kspnazaret.pl\/wp-content\/uploads\/2025\/12\/TERMINY-REKRUTACJI-2026.docx.doc\">Terminy rekrutacji na rok szkolny 2026\/27<\/a><\/span><\/strong><\/p>\r\n<p>&nbsp;<\/p>\r\n<p><span style=\"color: #000080;\"><strong>Dokumenty do pobrania:<\/strong><\/span><\/p>\r\n<p><strong style=\"color: #000080;\"><img loading=\"lazy\" decoding=\"async\" class=\"size-thumbnail wp-image-5901 alignleft\" src=\"http:\/\/www.kspnazaret.pl\/wp-content\/uploads\/2020\/12\/dokumenty-150x150.png\" alt=\"\" width=\"150\" height=\"150\" srcset=\"https:\/\/kspnazaret.pl\/wp-content\/uploads\/2020\/12\/dokumenty-150x150.png 150w, https:\/\/kspnazaret.pl\/wp-content\/uploads\/2020\/12\/dokumenty-75x75.png 75w, https:\/\/kspnazaret.pl\/wp-content\/uploads\/2020\/12\/dokumenty.png 256w\" sizes=\"auto, (max-width: 150px) 100vw, 150px\" \/><\/strong><\/p>\r\n<p>\r\n\r\n<strong><a href=\"http:\/\/www.kspnazaret.pl\/wp-content\/uploads\/2021\/01\/Podanie.docx\">Podanie<\/a><\/strong><\/p>\r\n<p>\r\n\r\n<a href=\"https:\/\/www.kspnazaret.pl\/wp-content\/uploads\/2022\/01\/Kwestionariusz-kl.-1-1.docx\" target=\"_blank\" rel=\"noreferrer noopener\"><strong>Kwestionariusz<\/strong><\/a><\/p>\r\n<p>&nbsp;<\/p>\r\n<p><strong>Po uko\u0144czeniu etapu III:<\/strong><\/p>\r\n<p>\r\n\r\n<a href=\"https:\/\/www.kspnazaret.pl\/wp-content\/uploads\/2021\/03\/Oswiadczenie-woli-przyjecia.pdf\" target=\"_blank\" rel=\"noreferrer noopener\"><strong>O\u015bwiadczenie woli pdf<\/strong><\/a><\/p>\r\n<p>\r\n\r\n<strong><a href=\"https:\/\/www.kspnazaret.pl\/wp-content\/uploads\/2021\/03\/Oswiadczenie-woli-przyjecia.docx\" target=\"_blank\" rel=\"noreferrer noopener\">O\u015bwiadczenie woli docx<\/a><\/strong><\/p>\r\n<p>\r\n\r\n<strong>Szko\u0142a nie wymaga za\u015bwiadczenia o nadaniu nr PESEL<\/strong><\/p>\r\n<p><strong><span style=\"color: #008000;\">ISTNIEJE MO\u017bLIWO\u015a\u0106 PRZYJ\u0118CIA UCZNIA DO STARSZYCH KLAS TYLKO W SYTUACJI WOLNYCH MIEJSC. <\/span><\/strong><\/p>\r\n<p><strong><span style=\"color: #008000;\">PROSZ\u0118 O Z\u0141O\u017bENIE FORMULARZA:<\/span><\/strong><\/p>\r\n<p><strong><a href=\"https:\/\/www.kspnazaret.pl\/wp-content\/uploads\/2022\/01\/Kwestionariusz-przyjecia.docx\">Kwestionariusz osobowy<\/a><\/strong><\/p>\r\n<p>&nbsp;<\/p>\r\n<p><br \/><\/p>\r\n<h4 style=\"font-size: 34px;\">\u00a0<\/h4>\r\n<p><br \/>\u00a0[\/vc_column_text][\/vc_column][\/vc_row]<\/p>","protected":false},"excerpt":{"rendered":"<p>[vc_row][vc_column][vc_column_text] Rekrutacja na rok szkolny 2026\/27\u00a0 Zako\u0144czona! DO KLASY 1 Regulamin rekrutacji do klasy 1 Terminy rekrutacji na rok szkolny 2026\/27 &nbsp; Dokumenty do pobrania: Podanie Kwestionariusz &nbsp; Po uko\u0144czeniu etapu III: O\u015bwiadczenie woli pdf O\u015bwiadczenie woli docx Szko\u0142a nie wymaga za\u015bwiadczenia o nadaniu nr PESEL ISTNIEJE MO\u017bLIWO\u015a\u0106 PRZYJ\u0118CIA UCZNIA DO STARSZYCH KLAS TYLKO W [&hellip;]<\/p>\n","protected":false},"author":1,"featured_media":0,"parent":0,"menu_order":0,"comment_status":"closed","ping_status":"closed","template":"","meta":{"footnotes":""},"class_list":["post-5152","page","type-page","status-publish","hentry"],"_links":{"self":[{"href":"https:\/\/kspnazaret.pl\/index.php?rest_route=\/wp\/v2\/pages\/5152","targetHints":{"allow":["GET"]}}],"collection":[{"href":"https:\/\/kspnazaret.pl\/index.php?rest_route=\/wp\/v2\/pages"}],"about":[{"href":"https:\/\/kspnazaret.pl\/index.php?rest_route=\/wp\/v2\/types\/page"}],"author":[{"embeddable":true,"href":"https:\/\/kspnazaret.pl\/index.php?rest_route=\/wp\/v2\/users\/1"}],"replies":[{"embeddable":true,"href":"https:\/\/kspnazaret.pl\/index.php?rest_route=%2Fwp%2Fv2%2Fcomments&post=5152"}],"version-history":[{"count":65,"href":"https:\/\/kspnazaret.pl\/index.php?rest_route=\/wp\/v2\/pages\/5152\/revisions"}],"predecessor-version":[{"id":10714,"href":"https:\/\/kspnazaret.pl\/index.php?rest_route=\/wp\/v2\/pages\/5152\/revisions\/10714"}],"wp:attachment":[{"href":"https:\/\/kspnazaret.pl\/index.php?rest_route=%2Fwp%2Fv2%2Fmedia&parent=5152"}],"curies":[{"name":"wp","href":"https:\/\/api.w.org\/{rel}","templated":true}]}}